 be (4/(2 + 2)*-23)/(-1). Suppose 27*b = j*b + 992. Let r be 27 + 5 + 7/(-7). Calculate the greatest common factor of b and r.
31
Let q be (-1)/(-3) + 7124/39. Suppose 0 = -3*a - 908*s + 905*s + 705, 36 = -4*s. What is the greatest common factor of a and q?
61
Suppose 2*h = w - 803, -2*h + 2*w - 2005 = 3*h. Let d = -171 - h. Calculate the highest common factor of 48 and d.
12
Let g be ((-5)/(-4))/((-97)/(-776)). What is the highest common factor of g and 226?
2
Let x = -5128 + 5644. What is the highest common factor of 4 and x?
4
Suppose -g = -3*f - 0*f - 4, -4*g + 24 = -4*f. Let p(a) = 2*a**3 - 9*a**2 - 2*a + 21. Let r be p(g). Calculate the greatest common factor of r and 28.
28
Let r(c) = c**2 + 10*c + 18. Let a be r(-8). Suppose -3*s - 4*d + 250 = 2*s, 5*s - a*d = 280. What is the greatest common factor of s and 6?
6
Let a be (-1)/(5/(-52597)) + (2 - 300/125). Calculate the greatest common factor of 67 and a.
67
Suppose -1 - 2 = 2*m - 5*f, 5 = f. Let g(v) = v**3 - 12*v**2 + 13*v - 15. Let p be g(m). What is the greatest common factor of 91 and p?
7
Suppose 47 = -6*j - 97. Let a be (j/(-36))/((-2)/(-45)). What is the greatest common divisor of a and 6?
3
Let z be -14*(-6)/(-12) - -50. Suppose -80 = z*r - 51*r. What is the greatest common factor of r and 90?
10
Let w = 300 - 156. Let l be -9 + 0 + (-14364)/(-228). What is the greatest common factor of w and l?
18
Suppose -i = 2*z - 25, 5*z - 23 = i + 57. Let u be 45/60 + 1 + z/(-4). Let r be (-18 + u)/((-1)/14*4). Calculate the highest common factor of r and 10.
10
Let c = -3112 + 3160. What is the highest common factor of 28 and c?
4
Let i = 10304 - 9584. What is the greatest common divisor of 1296 and i?
144
Suppose 0 = -a - 2*x + 68, 14 = a - 4*x - 24. Suppose 7*t - 8*t + 94 = -j, -2*j = 0. Let y = t + -7. Calculate the highest common factor of y and a.
29
Let n be 17*(19/(-2))/((-2)/4). Let s = n + -312. Suppose -5*a + 30 + 31 = -2*u, -9 = 3*u. What is the highest common divisor of a and s?
11
Suppose -5*b - a = -236, 6*a = b + 3*a - 60. Let m(l) = -30*l - 1254. Let n be m(-42). Calculate the greatest common factor of n and b.
6
Let h be 231 - (-2 + (-10)/(4/(-2))). Let l = h - 220. Calculate the greatest common divisor of l and 12.
4
Let d(z) = -136*z + 1016. Let q be d(7). What is the highest common divisor of 5184 and q?
64
Let b be ((-4)/(-5))/(2 - (-42716)/(-21360)) - 0. Calculate the greatest common factor of 48 and b.
48
Let q be 24/8 + 282/2. Let a be 12704/176 + 6/(-33). Calculate the highest common factor of a and q.
72
Let n(a) = 28*a**2 - 33*a - 353. Let l be n(18). What is the highest common factor of l and 65?
65
Let t = -4835 + 6310. Calculate the highest common divisor of 59 and t.
59
Let t be (54/(-1))/(752/54 + -14). Let z = -690 + t. What is the highest common factor of z and 1287?
39
Suppose -5*j = -3*y - 64, 4*y - 32 = -3*j - j. Suppose 33*m + 10*m + 5891 = 0. Let s = m - -170. What is the greatest common factor of j and s?
11
Let t(a) = -a**3 - 10*a**2 + 20*a + 1. Let w be t(-13). Calculate the highest common divisor of w and 217.
31
Let f be ((-375)/25 - -16)*8405. What is the highest common divisor of f and 1230?
205
Let x(v) = -2*v + 54. Suppose -14*d + 13*d = -6. Let b be x(d). What is the highest common divisor of 30 and b?
6
Suppose -67 = -6*r + 23. Let n be r - -601 - (-1 - -2). Suppose -7*h + 795 = -3*h + j, -n = -3*h + 3*j. What is the highest common factor of h and 25?
25
Let p = 84 - 26. Suppose p*h = 54*h + 36. What is the highest common factor of h and 12?
3
Let p = 91 - -19. Suppose 7*d = 2*d - 4*i - 308, -5*d + 2*i = 326. Let n = d + 108. Calculate the greatest common factor of n and p.
22
Suppose -14*k + 284 = -91 + 39. Let r be ((-8)/2)/(1/(-22)). What is the highest common divisor of r and k?
8
Suppose -2*v = -6*v + 880. Suppose -2*n + 116 = f, 4*n + v = 3*f - 128. Let d = -342 + 371. What is the highest common divisor of d and f?
29
Let u be 18/(1 - 7) - -150. Let p = u + -123. What is the greatest common divisor of p and 3?
3
Suppose -h + 3 = -6. Let i = -34 - -33. Let m be (5 - (2 - i)) + 70. Calculate the highest common factor of m and h.
9
Let r be 81/(-5) + 1/5. Let f(l) = 7*l**2 + 13*l**2 - 19*l**2 + 12*l + 14. Let d be f(r). What is the highest common divisor of 39 and d?
39
Let h be 9/(-24) - 596/32. Let l = h - -175. What is the greatest common divisor of l and 12?
12
Let o = -34 + 38. Let l(x) = -8*x - 4. Let c(a) = 9*a + 4. Let d(h) = -4*c(h) - 5*l(h). Let t be d(3). What is the highest common factor of t and o?
4
Let v = -3458 + 4169. What is the greatest common factor of v and 9?
9
Let c = 712 - 415. Let z = c + -264. Calculate the greatest common divisor of z and 528.
33
Let c be -7 - (-1058 + (11 - -3)). What is the highest common factor of c and 427?
61
Let q = -60 - -67. Suppose -x - 4*i - q = -9*i, 13 = -4*x + 5*i. Let j be (5 - 4) + (10 - x). Calculate the highest common divisor of j and 13.
13
Let j = 240 + -235. Suppose -15 = -j*y + 5*o + 130, 4*y - 3*o - 119 = 0. What is the greatest common divisor of y and 24?
8
Let g = -41 + 46. Suppose -4*m + 41 = 2*y - g*m, 3*y = -3*m + 75. Let i be 2/(-11) + (-123)/(-11). Calculate the greatest common divisor of i and y.
11
Let g = 86 - -337. Suppose -g + 178 = -5*n. What is the greatest common divisor of 7 and n?
7
Suppose 3*c + 1012 = -2*j, j - 115 + 616 = c. Let d = -359 - j. Suppose -2*i + 37 = -u, 4*u - 2*u = -2. What is the greatest common divisor of d and i?
18
Suppose 0 = 53*d - 3526 + 11158. Let j = 189 + d. Calculate the highest common divisor of j and 30.
15
Let p be -1*(2/1 - 2). Suppose 26*t - 19*t - 1309 = p. Let v be -2 + (-4 - 23/(-1)). What is the greatest common factor of v and t?
17
Let p be 8 - (-20)/(-5) - 0. Suppose -p*r = -97 - 39. Suppose j = -3*j + 136. What is the greatest common factor of j and r?
34
Let p be 2/(-7) - (-2124)/84. Suppose o - 10*o = -9. Let d(h) = 10*h**2. Let u be d(o). Calculate the highest common divisor of p and u.
5
Suppose 826 = 4*f - 802. Suppose -162 = 5*m - 97*v + 101*v, -4*m - 5*v = 135. Let t be (-25)/m - ((-217)/6 + 0). What is the greatest common divisor of t and f?
37
Suppose -2*p + 1229 = -3*m, 3*p - 1084 - 732 = -m. Let a = p + -567. What is the greatest common divisor of a and 56?
8
Let y be -2*(-3)/(-2) + 4 - -3. Suppose 2*f = 3*s + s - 14, 0 = -y*f - 4. Suppose -s*b + 36 = b. What is the highest common factor of b and 144?
9
Let m be -3 + (-4 + 79 - -4). Let j = -62 + m. Suppose -2*k = -38 + j. What is the greatest common divisor of k and 108?
12
Suppose -3*s + s - 2*r = -44, -2*s = -5*r - 44. Suppose 2*h = -10 + s. Suppose -3*i + 48 = i. Calculate the highest common factor of i and h.
6
Let r(h) = 3*h**2 - 38*h - 133. Let z be r(16). Let c be 27*-3*6/(-27). Let i = c + -9. What is the highest common divisor of i and z?
9
Let v = 20521 - 20293. What is the highest common divisor of v and 7144?
76
Let r = 4698 + -4638. Let m(l) = 2*l**2 - 10*l + 8. Let n be m(6). What is the greatest common factor of n and r?
20
Let g = 10 + 0. Let l be ((192/(-36))/8)/((-4)/42). Let n be (-5 - 1)/(l/(70/(-3))). Calculate the greatest common factor of g and n.
10
Let l be 7441/11 + -2 + 1122/2057. What is the greatest common factor of 189 and l?
27
Suppose -2882 - 235 = -35*f + 2868. What is the highest common factor of f and 1957?
19
Let y = -1176 - -1693. What is the highest common divisor of 423 and y?
47
Let c = 41 - 19. Let r be 13384/24 + -7 + 4/(-6). Calculate the highest common factor of r and c.
22
Let t = -92 + 293. Let s be (3 - -2) + 6 + -7 + 0. Suppose -6*y + s*y - 6 = 0, t = 3*i - 5*y. Calculate the highest common divisor of 93 and i.
31
Suppose -2*w + 404 = -4*h, 3*w - 432 = -2*h + 150. Suppose -133 = -4*z + p + 59, -4*z + 3*p + 184 = 0. Calculate the highest common divisor of w and z.
49
Let u = -35 + 89. Suppose -y = -7*y + u. What is the greatest common divisor of 531 and y?
9
Let o be 2/4*38*-4. Suppose 15*h - 804 = 846. Let j = o + h. Calculate the highest common factor of 102 and j.
34
Suppose -87*w - 386 = -85*w. Let b = 241 + w. Suppose -5*k + 40 = -20. Calculate the greatest common factor of b and k.
12
Suppose 3*g = 6*g + 147. Let n = -15 - g. Suppose 8 = -q + n. Calculate the greatest common factor of 39 and q.
13